{"id":4695,"date":"2026-02-11T22:36:17","date_gmt":"2026-02-11T22:36:17","guid":{"rendered":"https:\/\/2ha.digital\/portal3\/?page_id=4695"},"modified":"2026-02-11T22:37:34","modified_gmt":"2026-02-11T22:37:34","slug":"condiciones","status":"publish","type":"page","link":"https:\/\/2ha.digital\/index.php\/condiciones\/","title":{"rendered":"Legal &#8211; Condiciones de Servicio StaffCare"},"content":{"rendered":"\t\t<div data-elementor-type=\"wp-page\" data-elementor-id=\"4695\" class=\"elementor elementor-4695\">\n\t\t\t\t<div class=\"elementor-element elementor-element-2fa94557 e-flex e-con-boxed e-con e-parent\" data-id=\"2fa94557\" data-element_type=\"container\" data-e-type=\"container\">\n\t\t\t\t\t<div class=\"e-con-inner\">\n\t\t\t\t<div class=\"elementor-element elementor-element-6780150 elementor-widget elementor-widget-text-editor\" data-id=\"6780150\" data-element_type=\"widget\" data-e-type=\"widget\" data-widget_type=\"text-editor.default\">\n\t\t\t\t\t\t\t\t\t<div id=\"model-response-message-contentr_a19c77bf47016957\" class=\"markdown markdown-main-panel stronger enable-updated-hr-color\" dir=\"ltr\" aria-live=\"off\" aria-busy=\"false\"><p data-path-to-node=\"4\">Estas condiciones regulan la prestaci\u00f3n del servicio <b data-path-to-node=\"4\" data-index-in-node=\"53\">StaffCare<\/b>, propiedad de <b data-path-to-node=\"4\" data-index-in-node=\"77\">FORTESCOPE<\/b> (en adelante &#8220;<b data-path-to-node=\"4\" data-index-in-node=\"102\">FS<\/b>&#8220;), operando bajo la marca <b data-path-to-node=\"4\" data-index-in-node=\"131\">2H\u00e1<\/b>. Este servicio combina el uso de nuestra plataforma tecnol\u00f3gica con la asesor\u00eda de especialistas en Capital Humano.<\/p><h3 data-path-to-node=\"5\"><b data-path-to-node=\"5\" data-index-in-node=\"0\">1. Objeto del Servicio<\/b><\/h3><p data-path-to-node=\"6\"><b data-path-to-node=\"6\" data-index-in-node=\"0\">StaffCare<\/b> tiene como objetivo la gesti\u00f3n y control de la vida del colaborador a trav\u00e9s de:<\/p><ul data-path-to-node=\"7\"><li><p id=\"p-rc_cd98372d218fae7e-201\" data-path-to-node=\"7,0,0\"><span data-path-to-node=\"7,0,0,1\"><span class=\"citation-361\">Acceso a nuestra plataforma de gesti\u00f3n de RH<\/span><\/span><span data-path-to-node=\"7,0,0,3\">.<\/span><\/p><\/li><li><p data-path-to-node=\"7,1,0\">Asesor\u00eda y soporte t\u00e9cnico especializado para la administraci\u00f3n de personal.<\/p><\/li><li><p data-path-to-node=\"7,2,0\">Gesti\u00f3n de expedientes, incidencias y procesos administrativos de RH.<\/p><\/li><\/ul><h3 data-path-to-node=\"8\"><b data-path-to-node=\"8\" data-index-in-node=\"0\">2. Acuerdo de Nivel de Servicio (SLA)<\/b><\/h3><p data-path-to-node=\"9\">Para garantizar un servicio eficaz, <b data-path-to-node=\"9\" data-index-in-node=\"36\">2H\u00e1<\/b> establece los siguientes tiempos de respuesta:<\/p><ul data-path-to-node=\"10\"><li><p id=\"p-rc_cd98372d218fae7e-202\" data-path-to-node=\"10,0,1\"><span data-path-to-node=\"10,0,1,0\"><b data-path-to-node=\"10,0,1,0\" data-index-in-node=\"0\"><span class=\"citation-360\">Disponibilidad de la Plataforma:<\/span><\/b> <b data-path-to-node=\"10,0,1,0\" data-index-in-node=\"33\"><span class=\"citation-360\">FS<\/span><\/b><span class=\"citation-360\"> realizar\u00e1 sus mejores esfuerzos para mantener la continuidad del software, aunque no garantiza la disponibilidad permanente debido a mantenimientos o fallas t\u00e9cnicas ajenas<\/span><\/span><span data-path-to-node=\"10,0,1,2\">.<\/span><\/p><\/li><li><p data-path-to-node=\"10,1,0\"><b data-path-to-node=\"10,1,0\" data-index-in-node=\"0\">Soporte T\u00e9cnico:<\/b> Las dudas sobre el uso del software ser\u00e1n atendidas en un lapso no mayor a <b data-path-to-node=\"10,1,0\" data-index-in-node=\"92\">24 horas h\u00e1biles<\/b>.<\/p><\/li><li><p data-path-to-node=\"10,2,0\"><b data-path-to-node=\"10,2,0\" data-index-in-node=\"0\">Consultas de RH:<\/b> Las consultas legales o administrativas complejas tendr\u00e1n un tiempo de resoluci\u00f3n de <b data-path-to-node=\"10,2,0\" data-index-in-node=\"102\">48 a 72 horas h\u00e1biles<\/b>, dependiendo de la profundidad del requerimiento.<\/p><\/li><\/ul><h3 data-path-to-node=\"11\"><b data-path-to-node=\"11\" data-index-in-node=\"0\">3. Obligaciones y Responsabilidades del Cliente<\/b><\/h3><p data-path-to-node=\"12\">Para que <b data-path-to-node=\"12\" data-index-in-node=\"9\">StaffCare<\/b> funcione correctamente, el cliente se obliga a:<\/p><ul data-path-to-node=\"13\"><li><p id=\"p-rc_cd98372d218fae7e-203\" data-path-to-node=\"13,0,1\"><span data-path-to-node=\"13,0,1,0\"><b data-path-to-node=\"13,0,1,0\" data-index-in-node=\"0\"><span class=\"citation-359\">Veracidad de la Informaci\u00f3n:<\/span><\/b><span class=\"citation-359\"> Proporcionar informaci\u00f3n ver\u00eddica y actual de sus colaboradores en los formularios y m\u00f3dulos del sitio<\/span><\/span><span data-path-to-node=\"13,0,1,2\">.<\/span><\/p><\/li><li><p id=\"p-rc_cd98372d218fae7e-204\" data-path-to-node=\"13,1,1\"><span data-path-to-node=\"13,1,1,0\"><b data-path-to-node=\"13,1,1,0\" data-index-in-node=\"0\"><span class=\"citation-358\">Seguridad de Cuentas:<\/span><\/b><span class=\"citation-358\"> El acceso al sitio web y software es responsabilidad del usuario; el cliente debe asegurar que sus colaboradores hagan un uso l\u00edcito de sus credenciales de acceso<\/span><\/span><span data-path-to-node=\"13,1,1,2\">.<\/span><\/p><\/li><li><p data-path-to-node=\"13,2,0\"><b data-path-to-node=\"13,2,0\" data-index-in-node=\"0\">Calendario de Incidencias:<\/b> Enviar la informaci\u00f3n de n\u00f3mina, altas, bajas o cambios en los periodos establecidos por su ejecutivo asignado. La entrega fuera de tiempo exime a <b data-path-to-node=\"13,2,0\" data-index-in-node=\"174\">2H\u00e1<\/b> de responsabilidad en retrasos de procesamiento.<\/p><\/li><\/ul><h3 data-path-to-node=\"14\"><b data-path-to-node=\"14\" data-index-in-node=\"0\">4. Garant\u00eda de Cumplimiento Legal<\/b><\/h3><ul data-path-to-node=\"15\"><li><p id=\"p-rc_cd98372d218fae7e-205\" data-path-to-node=\"15,0,1\"><span data-path-to-node=\"15,0,1,0\"><b data-path-to-node=\"15,0,1,0\" data-index-in-node=\"0\"><span class=\"citation-357\">FS<\/span><\/b><span class=\"citation-357\"> se compromete a que los procesos gestionados a trav\u00e9s de <\/span><b data-path-to-node=\"15,0,1,0\" data-index-in-node=\"60\"><span class=\"citation-357\">StaffCare<\/span><\/b><span class=\"citation-357\"> se realicen conforme a la normativa vigente<\/span><\/span><span data-path-to-node=\"15,0,1,2\">.<\/span><\/p><\/li><li><p id=\"p-rc_cd98372d218fae7e-206\" data-path-to-node=\"15,1,0\"><span data-path-to-node=\"15,1,0,1\"><span class=\"citation-356\">No obstante, <\/span><b data-path-to-node=\"15,1,0,1\" data-index-in-node=\"13\"><span class=\"citation-356\">FS<\/span><\/b><span class=\"citation-356\"> no se responsabiliza por da\u00f1os causados por el uso indebido del software por parte del cliente o por decisiones tomadas de forma unilateral que contravengan la asesor\u00eda de nuestros especialistas<\/span><\/span><span data-path-to-node=\"15,1,0,3\">.<\/span><\/p><\/li><\/ul><h3 data-path-to-node=\"16\"><b data-path-to-node=\"16\" data-index-in-node=\"0\">5. Protecci\u00f3n de Datos y Confidencialidad<\/b><\/h3><p id=\"p-rc_cd98372d218fae7e-207\" data-path-to-node=\"17\"><span data-path-to-node=\"17,0\">Debido a la naturaleza del servicio, <b data-path-to-node=\"17,0\" data-index-in-node=\"37\">2H\u00e1<\/b> tratar\u00e1 datos sensibles de los empleados del cliente. <\/span><span data-path-to-node=\"17,2\"><span class=\"citation-355\">Dicho tratamiento se limitar\u00e1 estrictamente a lo previsto en nuestro <\/span><b data-path-to-node=\"17,2\" data-index-in-node=\"69\"><span class=\"citation-355\">Aviso de Privacidad<\/span><\/b><span class=\"citation-355\"> y bajo las medidas de seguridad necesarias para evitar su uso indebido<\/span><\/span><span data-path-to-node=\"17,4\">.<\/span><\/p><p data-path-to-node=\"20\">\u00a0<\/p><\/div>\t\t\t\t\t\t\t\t<\/div>\n\t\t\t\t\t<\/div>\n\t\t\t\t<\/div>\n\t\t\t\t<\/div>\n\t\t","protected":false},"excerpt":{"rendered":"<p>Estas condiciones regulan la prestaci\u00f3n del servicio StaffCare, propiedad de FORTESCOPE (en adelante &#8220;FS&#8220;), operando bajo la marca 2H\u00e1. Este servicio combina el uso de nuestra plataforma tecnol\u00f3gica con la asesor\u00eda de especialistas en Capital Humano. 1. Objeto del Servicio StaffCare tiene como objetivo la gesti\u00f3n y control de la vida del colaborador a trav\u00e9s [&hellip;]<\/p>\n","protected":false},"author":1,"featured_media":0,"parent":0,"menu_order":0,"comment_status":"closed","ping_status":"closed","template":"","meta":{"_acf_changed":false,"_monsterinsights_skip_tracking":false,"_monsterinsights_sitenote_active":false,"_monsterinsights_sitenote_note":"","_monsterinsights_sitenote_category":0,"_uf_show_specific_survey":0,"_uf_disable_surveys":false,"footnotes":""},"class_list":["post-4695","page","type-page","status-publish","hentry"],"acf":[],"_links":{"self":[{"href":"https:\/\/2ha.digital\/index.php\/wp-json\/wp\/v2\/pages\/4695","targetHints":{"allow":["GET"]}}],"collection":[{"href":"https:\/\/2ha.digital\/index.php\/wp-json\/wp\/v2\/pages"}],"about":[{"href":"https:\/\/2ha.digital\/index.php\/wp-json\/wp\/v2\/types\/page"}],"author":[{"embeddable":true,"href":"https:\/\/2ha.digital\/index.php\/wp-json\/wp\/v2\/users\/1"}],"replies":[{"embeddable":true,"href":"https:\/\/2ha.digital\/index.php\/wp-json\/wp\/v2\/comments?post=4695"}],"version-history":[{"count":4,"href":"https:\/\/2ha.digital\/index.php\/wp-json\/wp\/v2\/pages\/4695\/revisions"}],"predecessor-version":[{"id":4700,"href":"https:\/\/2ha.digital\/index.php\/wp-json\/wp\/v2\/pages\/4695\/revisions\/4700"}],"wp:attachment":[{"href":"https:\/\/2ha.digital\/index.php\/wp-json\/wp\/v2\/media?parent=4695"}],"curies":[{"name":"wp","href":"https:\/\/api.w.org\/{rel}","templated":true}]}}